 d - 23. What is the highest common divisor of v and 4?
4
Let a = 991 - 718. What is the greatest common factor of a and 168?
21
Suppose 8*d - 150 = 3*d. Suppose 3*q = -0*q - 78. Let g = 38 + q. What is the highest common divisor of d and g?
6
Suppose 0*m = -3*m + 441. Let v = -310 + 180. Let f be v/(-6) + 2/(-3). Calculate the highest common divisor of f and m.
21
Let p = 86 - 6. Suppose -5*q + p = 4*b, q + 8 = -q. What is the greatest common factor of b and 10?
5
Suppose 0 = -3*h + 13 - 1, -h - 1 = z. Let g = z + 7. Let s be (g/(-3))/(6/(-117)). Calculate the greatest common factor of s and 104.
13
Suppose 31*p = -4*o + 36*p + 45, -5*p + 45 = 5*o. Calculate the greatest common divisor of o and 640.
10
Let t(f) = -7*f**3 + 2*f + 3. Suppose 28*a = 24*a - 8. Let m be t(a). Suppose -10 = -0*y - 2*y. What is the highest common divisor of m and y?
5
Let x(d) be the first derivative of d**3/3 + 3*d**2/2 + 2. Let s be x(8). Suppose 20 = 4*i - 12. Calculate the greatest common factor of s and i.
8
Let h = 30 + -26. Suppose 0 = 4*o + 4*v - 272, h*v + 7 + 1 = 0. Suppose -o = -f - 4*f. Calculate the highest common divisor of f and 7.
7
Let r be (-50)/(-1) + 5 + -3. Suppose -2*g - 5*j + r = -49, 2*g + 2*j = 98. What is the greatest common divisor of g and 6?
6
Let i be (-950)/35*70/(-20). Calculate the highest common factor of 76 and i.
19
Suppose -88 = 658*t - 662*t. Calculate the greatest common divisor of 22 and t.
22
Let z(r) = 2*r**2 - 5*r + 2. Let q be z(3). Let s = -4554 - -4624. Calculate the greatest common factor of s and q.
5
Let z(r) = r**2 - 19*r - 404. Let n be z(-14). Calculate the highest common divisor of n and 319.
29
Suppose -4 = -g, 0*m - 2*m - 2*g = -24. Let u(j) = j**2 - 12*j + 12. Let v be u(m). Let q be -25*(56/v - -2). What is the highest common divisor of 30 and q?
10
Let p = 1228 - 1203. Suppose -3*l + 700 = l. Calculate the greatest common divisor of l and p.
25
Suppose 33*g + 52 = 4*z + 37*g, -3*z + 60 = -4*g. Suppose 0 = -6*b + 2*b + 224. Let v = b - 32. Calculate the highest common divisor of v and z.
8
Suppose 3*a + 95 = 107. Suppose -3*p + 2*p - v = -a, -3*p = -4*v + 9. Calculate the highest common divisor of p and 1.
1
Let l(s) be the first derivative of s**3/3 + 15*s - 17. Let u be l(-6). What is the greatest common factor of u and 17?
17
Suppose -65 = -3*c - 17. Suppose 2*n - 3*n = -3. Suppose -d + n*p + 24 = 0, 0*p + 72 = 3*d - p. Calculate the greatest common divisor of c and d.
8
Let j(b) = -b**2 - 14*b + 8. Let o be j(-10). What is the highest common factor of 64 and o?
16
Let s = -7 + 7. Let l be (s - -1) + 21 + 0. Let g(m) = 5*m - 18. Let y be g(8). Calculate the highest common divisor of l and y.
22
Let n = -34 - -73. Let z = n - 21. What is the greatest common factor of z and 9?
9
Let j = 318 + -228. Calculate the highest common divisor of 405 and j.
45
Let b be (654 + -6)/9 + -4. Calculate the highest common factor of 646 and b.
34
Suppose 2*d = -0*d + 14. Let c be 2947/42 - 5/30. Calculate the highest common divisor of d and c.
7
Let d(k) = 3*k**2 + 6*k + 11. Let z be d(-5). Suppose z = 8*a - 24. Calculate the greatest common divisor of a and 5.
5
Let v be -5 + 33 + (-1 - 2). Suppose 5*p + 11 = -k + 56, v = k + p. What is the greatest common divisor of k and 60?
20
Let d(b) = -b**2 - 10*b + 33. Let k be d(-12). Suppose 0 = 2*v - 4*v - 54. Let s be v/((2/3)/(-2)). What is the highest common factor of s and k?
9
Let z = -2 - -1. Let f = 5 + z. Let x be 16/5*(0 - (-60)/8). What is the highest common divisor of f and x?
4
Let o(p) = p**3 + 5*p**2 + 4*p + 5. Let r be o(-4). Let k(q) = 4*q - 6. Let l be k(r). What is the highest common divisor of 56 and l?
14
Let n(x) = 16*x + 20. Let s be n(-5). Let u be 134/8 - s/(-80). What is the greatest common factor of 8 and u?
8
Suppose 0 = 4*t - 4 - 12. Let r(d) = -57*d - 5. Let p be r(-4). Suppose -p = -5*o + 5*s - 3*s, 4*s = t. Calculate the highest common factor of o and 15.
15
Let o be (-6372)/(-99) + 16/(-44). Calculate the highest common divisor of o and 112.
16
Suppose 2*i - 127 = -q, 2*q - 6*q - 77 = -i. Let h = -27 + i. Calculate the greatest common divisor of h and 19.
19
Suppose -5*n + 2*n = -0*n. Suppose 4*b - 5*q = -7*q + 110, n = -b + 4*q + 32. Suppose 2*d - 9 = -1. What is the greatest common factor of d and b?
4
Suppose -4*o = 4*q - 16, -3*o + 4 = 2*q - 6. Let i be 5265/25 + -8 - q/(-5). What is the greatest common divisor of 29 and i?
29
Let w = 341 - 264. What is the greatest common factor of w and 44?
11
Suppose 5*n - 2*n - 18 = 0. Suppose 14 = 3*w + 11. Let z = 7 - w. Calculate the highest common divisor of z and n.
6
Let z = 104 + 117. What is the highest common factor of z and 13?
13
Let s(f) = -f**2 - 173*f - 3708. Let w be s(-27). Suppose -4*x + 50 + 54 = 0. Calculate the highest common divisor of w and x.
26
Let q(b) = -491*b**3 + b**2 - 13*b - 12. Let k be q(-1). Calculate the highest common divisor of k and 29.
29
Let z(k) = 7*k + 26. Let r be z(-8). Let f be ((-66)/8)/(r/200). What is the highest common divisor of f and 22?
11
Let y(j) = -7*j - 30. Let a be y(-4). Let p be 14 - 4 - (a - -4). Suppose -d = -g - 68, -5*g + 40 = 3*d - 132. Calculate the greatest common divisor of p and d.
8
Suppose 3*x + x = 96. Let n = x - 24. Suppose -4*m = -2*a - 142, 5*m - 2*a = -n*a + 177. What is the greatest common factor of 5 and m?
5
Let w = 56 - 53. Suppose 5*r - w*b = 197 + 95, 5*r - 5*b = 300. What is the highest common factor of r and 14?
14
Let v = 3007 + -2136. Let s = 1363 - v. Suppose 92 - s = -5*b. Calculate the highest common factor of b and 32.
16
Suppose -30*l + 56108 + 19462 = 0. Calculate the greatest common factor of 11 and l.
11
Let k = 0 - -8. Let b = 1 - k. Let t be 82 - b/((-14)/4). Calculate the highest common factor of t and 32.
16
Suppose g - 379 = -4*v, 2*v + g + 0*g = 187. Calculate the greatest common factor of v and 144.
48
Let k = 60 + -20. Suppose -12*d + 15*d - 300 = 0. What is the highest common divisor of k and d?
20
Let w(v) = 10*v - 24. Let f be w(7). Suppose f*u - 45*u - 41 = 0. Calculate the greatest common divisor of 41 and u.
41
Suppose 64 = 9*t - 7*t. Let l be -2*(1 - 9)*16/t. What is the greatest common divisor of 4 and l?
4
Let n be (-29 - -27) + (-10)/(-2). What is the greatest common factor of 15 and n?
3
Suppose -25*y + 54*y - 3393 = 0. Calculate the highest common divisor of y and 78.
39
Let b = 58 + -113. Let w = -42 - b. Calculate the greatest common divisor of w and 13.
13
Suppose 4*y - 9*y + 15 = 0. Let t be 45*(y + 8/(-3)). Calculate the greatest common divisor of t and 5.
5
Let l be 96/72 - 161/(-3). Calculate the highest common factor of 77 and l.
11
Suppose -4*s + 44 = j, 8*j - 6*j - 143 = 3*s. Calculate the greatest common divisor of 8 and j.
8
Let s(v) = 10*v - 5. Let w be s(3). Let g be 1/(-3) + (-2645)/(-15) + -1. What is the greatest common divisor of w and g?
25
Let j(w) = 3*w - 25. Let i be j(14). Let y(m) = m**2 - 16*m - 6. Let n be y(i). What is the highest common factor of n and 33?
11
Let x be (16/3)/(35/105). Let q be (3 - 8/4)*128. Calculate the greatest common divisor of q and x.
16
Let k(m) = 12*m**2 + 18*m - 32. Let s be k(2). Let n(g) = -g**2 - 2*g + 4. Let l be n(0). Calculate the greatest common factor of s and l.
4
Let u(r) = 3*r - 25. Let z be 6/4 - 399/(-38). Let g be u(z). Calculate the highest common divisor of 110 and g.
11
Let d be 4*(-40)/(-5)*2/4. Calculate the greatest common factor of d and 16.
16
Let n(r) = 17*r - 3. Let l be n(2). Let v = l + -15. Let b(p) = 2*p**3 - 3*p**2 + p - 2. Let j be b(2). Calculate the highest common factor of j and v.
4
Suppose 0 = 3*n + 4*j - 1212, -n - 4*j - 828 = -3*n. Suppose 4*p - 2*p = n. Calculate the highest common divisor of 51 and p.
51
Let j(p) = 46*p**3 + 3*p - 4. Let l be j(1). Suppose 5*x = 4*d - 0*x - 35, d - 40 = -5*x. Calculate the greatest common factor of l and d.
15
Let x(n) = 308*n + 182. Let o(j) = 56*j + 33. Let s(u) = -28*o(u) + 5*x(u). Let g be s(-6). What is the highest common factor of g and 14?
14
Suppose -4 = -w + 2. Let t be 3/(-18) - (-145)/w. Let s be 110/33*t/10. What is the greatest common divisor of 72 and s?
8
Suppose -2*a = -3 + 9. Let i be 3/(a - 0) + 0 + 6. What is the highest common divisor of 65 and i?
